at are the prime factors of 4164?
2, 3, 347
List the prime factors of 7089.
3, 17, 139
List the prime factors of 4667.
13, 359
What are the prime factors of 140202?
2, 3, 7789
What are the prime factors of 708?
2, 3, 59
What are the prime factors of 1254?
2, 3, 11, 19
List the prime factors of 26351.
13, 2027
What are the prime factors of 1877?
1877
What are the prime factors of 4339?
4339
List the prime factors of 19820.
2, 5, 991
List the prime factors of 2147.
19, 113
What are the prime factors of 1775?
5, 71
List the prime factors of 1918.
2, 7, 137
What are the prime factors of 555?
3, 5, 37
What are the prime factors of 28729?
28729
List the prime factors of 47620.
2, 5, 2381
List the prime factors of 3162.
2, 3, 17, 31
List the prime factors of 55668.
2, 3, 4639
What are the prime factors of 5957?
7, 23, 37
What are the prime factors of 31634?
2, 15817
List the prime factors of 700.
2, 5, 7
What are the prime factors of 201547?
201547
List the prime factors of 4398.
2, 3, 733
List the prime factors of 42375.
3, 5, 113
List the prime factors of 1368.
2, 3, 19
What are the prime factors of 389?
389
What are the prime factors of 15396?
2, 3, 1283
What are the prime factors of 23847?
3, 7949
What are the prime factors of 1115?
5, 223
List the prime factors of 12494.
2, 6247
List the prime factors of 816.
2, 3, 17
What are the prime factors of 6385?
5, 1277
What are the prime factors of 18913?
18913
List the prime factors of 127316.
2, 7, 4547
What are the prime factors of 49494?
2, 3, 73, 113
What are the prime factors of 12234?
2, 3, 2039
What are the prime factors of 7816?
2, 977
List the prime factors of 18779.
89, 211
List the prime factors of 6689.
6689
What are the prime factors of 11474?
2, 5737
What are the prime factors of 12714?
2, 3, 13, 163
What are the prime factors of 44625?
3, 5, 7, 17
List the prime factors of 588.
2, 3, 7
List the prime factors of 50816.
2, 397
What are the prime factors of 747?
3, 83
What are the prime factors of 24856?
2, 13, 239
List the prime factors of 18620.
2, 5, 7, 19
List the prime factors of 2684.
2, 11, 61
What are the prime factors of 6296?
2, 787
List the prime factors of 4278.
2, 3, 23, 31
What are the prime factors of 10657?
10657
List the prime factors of 10867.
10867
What are the prime factors of 2454?
2, 3, 409
List the prime factors of 17165.
5, 3433
What are the prime factors of 1377?
3, 17
What are the prime factors of 75080?
2, 5, 1877
List the prime factors of 3061.
3061
What are the prime factors of 2956?
2, 739
What are the prime factors of 1616?
2, 101
What are the prime factors of 2752?
2, 43
List the prime factors of 1839.
3, 613
List the prime factors of 331.
331
What are the prime factors of 382?
2, 191
What are the prime factors of 1580?
2, 5, 79
List the prime factors of 12315.
3, 5, 821
What are the prime factors of 8678?
2, 4339
What are the prime factors of 2513?
7, 359
What are the prime factors of 2449?
31, 79
List the prime factors of 63855.
3, 5, 11, 43
What are the prime factors of 50169?
3, 7, 2389
What are the prime factors of 4635?
3, 5, 103
What are the prime factors of 3732?
2, 3, 311
What are the prime factors of 57691?
31, 1861
List the prime factors of 2496.
2, 3, 13
List the prime factors of 16857.
3, 1873
List the prime factors of 133.
7, 19
List the prime factors of 39546.
2, 3, 13
List the prime factors of 871.
13, 67
List the prime factors of 9135.
3, 5, 7, 29
What are the prime factors of 827?
827
What are the prime factors of 368?
2, 23
What are the prime factors of 21499?
21499
List the prime factors of 1800.
2, 3, 5
What are the prime factors of 12760?
2, 5, 11, 29
List the prime factors of 2929.
29, 101
List the prime factors of 5751.
3, 71
List the prime factors of 884.
2, 13, 17
What are the prime factors of 2375?
5, 19
List the prime factors of 169726.
2, 113, 751
List the prime factors of 89197.
191, 467
What are the prime factors of 191?
191
What are the prime factors of 25509?
3, 11, 773
What are the prime factors of 810?
2, 3, 5
List the prime factors of 896.
2, 7
What are the prime factors of 4583?
4583
List the prime factors of 14149.
14149
List the prime factors of 1590.
2, 3, 5, 53
List the prime factors of 7180.
2, 5, 359
List the prime factors of 1414.
2, 7, 101
What are the prime factors of 820?
2, 5, 41
What are the prime factors of 8438?
2, 4219
What are the prime factors of 182086?
2, 181, 503
What are the prime factors of 2014?
2, 19, 53
List the prime factors of 37309.
37309
List the prime factors of 14759.
14759
List the prime factors of 55783.
7, 13, 613
What are the prime factors of 143713?
137, 1049
What are the prime factors of 25382?
2, 7, 37
What are the prime factors of 299?
13, 23
What are the prime factors of 612?
2, 3, 17
What are the prime factors of 2922?
2, 3, 487
What are the prime factors of 52770?
2, 3, 5, 1759
What are the prime factors of 106056?
2, 3, 491
List the prime factors of 42314.
2, 21157
What are the prime factors of 2733?
3, 911
List the prime factors of 11300.
2, 5, 113
What are the prime factors of 1255?
5, 251
List the prime factors of 6689.
6689
List the prime factors of 3892.
2, 7, 139
What are the prime factors of 49727?
49727
What are the prime factors of 2451?
3, 19, 43
List the prime factors of 4291.
7, 613
What are the prime factors of 885?
3, 5, 59
List the prime factors of 8615.
5, 1723
What are the prime factors of 23851?
17, 23, 61
What are the prime factors of 19532?
2, 19, 257
List the prime factors of 35587.
19, 1873
List the prime factors of 1874.
2, 937
List the prime factors of 2406.
2, 3, 401
What are the prime factors of 51123?
3, 17041
List the prime factors of 1530.
2, 3, 5, 17
List the prime factors of 17227.
7, 23, 107
What are the prime factors of 31?
31
List the prime factors of 32053.
7, 19, 241
List the prime factors of 838.
2, 419
What are the prime factors of 4078?
2, 2039
What are the prime factors of 1465?
5, 293
List the prime factors of 4494.
2, 3, 7, 107
List the prime factors of 44838.
2, 3, 47, 53
List the prime factors of 4636.
2, 19, 61
What are the prime factors of 1606?
2, 11, 73
List the prime factors of 642.
2, 3, 107
What are the prime factors of 1437?
3, 479
List the prime factors of 33.
3, 11
What are the prime factors of 103226?
2, 51613
What are the prime factors of 1117?
1117
What are the prime factors of 1413?
3, 157
List the prime factors of 53490.
2, 3, 5, 1783
What are the prime factors of 50140?
2, 5, 23, 109
What are the prime factors of 43367?
17, 2551
List the prime factors of 700.
2, 5, 7
List the prime factors of 6349.
7, 907
What are the prime factors of 56906?
2, 37, 769
What are the prime factors of 784?
2, 7
What are the prime factors of 78430?
2, 5, 11, 23, 31
List the prime factors of 1003.
17, 59
What are the prime factors of 29773?
19, 1567
List the prime factors of 51959.
223, 233
What are the prime factors of 45993?
3, 15331
What are the prime factors of 4933?
4933
List the prime factors of 4209.
3, 23, 61
What are the prime factors of 5241?
3, 1747
What are the prime factors of 2315?
5, 463
What are the prime factors of 63657?
3, 11, 643
List the prime factors of 61440.
2, 3, 5
What are the prime factors of 2706?
2, 3, 11, 41
List the prime factors of 77922.
2, 3, 13, 37
List the prime factors of 6384.
2, 3, 7, 19
What are the prime factors of 28581?
3, 7, 1361
List the prime factors of 1119.
3, 373
What are the prime factors of 3042?
2, 3, 13
What are the prime factors of 2412?
2, 3, 67
What are the prime factors of 1125?
3, 5
What are the prime factors of 2137?
2137
List the prime factors of 5760.
2, 3, 5
What are the prime factors of 617?
617
List the prime factors of 2414.
2, 17, 71
List the prime factors of 4727.
29, 163
What are the prime factors of 5996?
2, 1499
What are the prime factors of 68918?
2, 17, 2027
List the prime factors of 564.
2, 3, 47
List the prime factors of 1442.
2, 7, 103
What are the prime factors of 51393?
3, 37, 463
What are the prime factors of 38456?
2, 11, 19, 23
What are the prime factors of 647?
647
List the prime factors of 1336.
2, 167
List the prime factors of 2720.
2, 5, 17
What are the prime factors of 9229?
11, 839
List the prime factors of 55617.
3, 18539
What are the prime factors of 5